{"id":596,"date":"2025-12-01T14:03:43","date_gmt":"2025-12-01T14:03:43","guid":{"rendered":"http:\/\/amelkhaies.fr\/?page_id=596"},"modified":"2026-02-25T13:35:50","modified_gmt":"2026-02-25T13:35:50","slug":"transmission-enseignements","status":"publish","type":"page","link":"https:\/\/amelkhaies.fr\/?page_id=596","title":{"rendered":"Transmission &amp; enseignements"},"content":{"rendered":"\t\t<div data-elementor-type=\"wp-page\" data-elementor-id=\"596\" class=\"elementor elementor-596\">\n\t\t\t\t<div class=\"elementor-element elementor-element-bb7b6e4 e-flex e-con-boxed e-con e-parent\" data-id=\"bb7b6e4\" data-element_type=\"container\" data-settings=\"{&quot;background_background&quot;:&quot;slideshow&quot;,&quot;background_slideshow_gallery&quot;:[],&quot;background_slideshow_loop&quot;:&quot;yes&quot;,&quot;background_slideshow_slide_duration&quot;:5000,&quot;background_slideshow_slide_transition&quot;:&quot;fade&quot;,&quot;background_slideshow_transition_duration&quot;:500}\">\n\t\t\t\t\t<div class=\"e-con-inner\">\n\t\t\t\t<div class=\"elementor-element elementor-element-36049e8 elementor-widget elementor-widget-image\" data-id=\"36049e8\" data-element_type=\"widget\" data-widget_type=\"image.default\">\n\t\t\t\t\t\t\t\t\t\t\t\t\t\t\t<img fetchpriority=\"high\" decoding=\"async\" width=\"1024\" height=\"576\" src=\"http:\/\/amelkhaies.fr\/wp-content\/uploads\/2025\/12\/amel-trasmission-et-enseignements-2-1024x576.jpg\" class=\"attachment-large size-large wp-image-629\" alt=\"\" srcset=\"http:\/\/amelkhaies.fr\/wp-content\/uploads\/2025\/12\/amel-trasmission-et-enseignements-2-1024x576.jpg 1024w, http:\/\/amelkhaies.fr\/wp-content\/uploads\/2025\/12\/amel-trasmission-et-enseignements-2-300x169.jpg 300w, http:\/\/amelkhaies.fr\/wp-content\/uploads\/2025\/12\/amel-trasmission-et-enseignements-2-768x432.jpg 768w, http:\/\/amelkhaies.fr\/wp-content\/uploads\/2025\/12\/amel-trasmission-et-enseignements-2-1536x864.jpg 1536w, http:\/\/amelkhaies.fr\/wp-content\/uploads\/2025\/12\/amel-trasmission-et-enseignements-2-2048x1152.jpg 2048w\" sizes=\"(max-width: 1024px) 100vw, 1024px\" \/>\t\t\t\t\t\t\t\t\t\t\t\t\t\t\t<\/div>\n\t\t\t\t\t<\/div>\n\t\t\t\t<\/div>\n\t\t<div class=\"elementor-element elementor-element-f58a72e e-flex e-con-boxed e-con e-parent\" data-id=\"f58a72e\" data-element_type=\"container\" data-settings=\"{&quot;background_background&quot;:&quot;classic&quot;}\">\n\t\t\t\t\t<div class=\"e-con-inner\">\n\t\t<div class=\"elementor-element elementor-element-9480007 e-con-full e-flex e-con e-child\" data-id=\"9480007\" data-element_type=\"container\">\n\t\t\t\t<div class=\"elementor-element elementor-element-0aea049 elementor-widget elementor-widget-heading\" data-id=\"0aea049\" data-element_type=\"widget\" data-widget_type=\"heading.default\">\n\t\t\t\t\t<h2 class=\"elementor-heading-title elementor-size-default\">Cours open et stage<\/h2>\t\t\t\t<\/div>\n\t\t\t\t<div class=\"elementor-element elementor-element-49c448c elementor-widget elementor-widget-text-editor\" data-id=\"49c448c\" data-element_type=\"widget\" data-widget_type=\"text-editor.default\">\n\t\t\t\t\t\t\t\t\t<p class=\"p1\">Pour ouvrir sa pratique au plus grand nombre et notamment aux professionnels, elle propose \u00e9galement,\u00a0 des cours en France et \u00e0 l&rsquo;international, invitant chacun \u00e0 entrer dans son univers et \u00e0 partager, le temps d\u2019une parenth\u00e8se, l\u2019\u00e9nergie vivante de la danse.<\/p><p class=\"p1\">Lieux :\u00a0Studio bleu, Micadanses, Studio Harmonic, Mixdance Lyon, Lugos, Montpellier, Bordeaux, Waystraing (Belgique), Centre georges Brassens (Domont), B2TF (Belgique), Neodance Academy, Les petites choses productions (Taiwan)<\/p>\t\t\t\t\t\t\t\t<\/div>\n\t\t\t\t<\/div>\n\t\t<div class=\"elementor-element elementor-element-17eb66e e-con-full e-flex e-con e-child\" data-id=\"17eb66e\" data-element_type=\"container\">\n\t\t\t\t<div class=\"elementor-element elementor-element-f308a86 elementor-widget elementor-widget-heading\" data-id=\"f308a86\" data-element_type=\"widget\" data-widget_type=\"heading.default\">\n\t\t\t\t\t<h2 class=\"elementor-heading-title elementor-size-default\">Cours r\u00e9guliers<\/h2>\t\t\t\t<\/div>\n\t\t\t\t<div class=\"elementor-element elementor-element-791351d elementor-widget elementor-widget-text-editor\" data-id=\"791351d\" data-element_type=\"widget\" data-widget_type=\"text-editor.default\">\n\t\t\t\t\t\t\t\t\t<p class=\"p1\">Depuis 2014, elle transmets le mouvement contemporain nourrit de gestes urbains et d&rsquo;une \u00e9criture POP en \u00cele-de-France, notamment \u00e0 Villeparisis, au sein de la Cie Arcane \u00e0 Meudon et avec le Needs Dance Crew \u00e0 Pantin.\u00a0<\/p>\t\t\t\t\t\t\t\t<\/div>\n\t\t\t\t<\/div>\n\t\t<div class=\"elementor-element elementor-element-945bb08 e-con-full e-flex e-con e-child\" data-id=\"945bb08\" data-element_type=\"container\">\n\t\t\t\t<div class=\"elementor-element elementor-element-9e9d9e9 elementor-widget elementor-widget-heading\" data-id=\"9e9d9e9\" data-element_type=\"widget\" data-widget_type=\"heading.default\">\n\t\t\t\t\t<h2 class=\"elementor-heading-title elementor-size-default\">Education artistique et culturelle<\/h2>\t\t\t\t<\/div>\n\t\t\t\t<div class=\"elementor-element elementor-element-b1dc243 elementor-widget elementor-widget-text-editor\" data-id=\"b1dc243\" data-element_type=\"widget\" data-widget_type=\"text-editor.default\">\n\t\t\t\t\t\t\t\t\t<p class=\"p1\">En 2019, elle fonde DANCEHER compagnie laboratoire d\u00e9di\u00e9e aux femmes et aux jeunes femmes. Depuis 2022, elle intervient avec sa Cie aupr\u00e8s d&rsquo;enfants et de diverses personnes dans des structures priv\u00e9es et publiques notamment avec troubles cognitifs.<\/p><p class=\"p1\">Projets EAC : CCN de Creteil, R\u00e9sidence territoriale avec le th\u00e9\u00e2tre de l\u2019Onde (option danse coll\u00e8ge Viroflay), EAC classe de CP -Stains (93) , Conservatoire de Versailles QPV Villeparisis, Ecole Ormeteau (93), Th\u00e9\u00e2tre du blanc-Mesnil (Scolaire &amp; section futsal), Ly\u00e7\u00e9e Leon BLUM &#8211; Cr\u00e9teil (option danse), l\u2019EPMSD Les moulins G\u00e9meaux Saint-d\u00e9nis (classe ULIS), Lyc\u00e9e Honor\u00e9 de Balzac (option danse).<\/p>\t\t\t\t\t\t\t\t<\/div>\n\t\t\t\t<\/div>\n\t\t\t\t\t<\/div>\n\t\t\t\t<\/div>\n\t\t<div class=\"elementor-element elementor-element-123741a e-grid elementor-hidden-mobile e-con-boxed e-con e-parent\" data-id=\"123741a\" data-element_type=\"container\" data-settings=\"{&quot;background_background&quot;:&quot;classic&quot;}\">\n\t\t\t\t\t<div class=\"e-con-inner\">\n\t\t\t\t<div class=\"elementor-element elementor-element-0d8fc29 elementor-widget elementor-widget-heading\" data-id=\"0d8fc29\" data-element_type=\"widget\" data-widget_type=\"heading.default\">\n\t\t\t\t\t<h2 class=\"elementor-heading-title elementor-size-default\">Cours r\u00e9guliers<\/h2>\t\t\t\t<\/div>\n\t\t\t\t<div class=\"elementor-element elementor-element-4e1f3ea elementor-widget elementor-widget-heading\" data-id=\"4e1f3ea\" data-element_type=\"widget\" data-widget_type=\"heading.default\">\n\t\t\t\t\t<h2 class=\"elementor-heading-title elementor-size-default\">Education artistique et culturelle<\/h2>\t\t\t\t<\/div>\n\t\t\t\t<div class=\"elementor-element elementor-element-b635c4d elementor-widget elementor-widget-text-editor\" data-id=\"b635c4d\" data-element_type=\"widget\" data-widget_type=\"text-editor.default\">\n\t\t\t\t\t\t\t\t\t<p class=\"p1\">Pour ouvrir sa pratique au plus grand nombre et notamment aux professionnels, elle propose \u00e9galement,\u00a0 des cours en France et \u00e0 l&rsquo;international, invitant chacun \u00e0 entrer dans son univers et \u00e0 partager, le temps d\u2019une parenth\u00e8se, l\u2019\u00e9nergie vivante de la danse.<\/p><p class=\"p1\">Lieux :\u00a0Studio bleu, Micadanses, Studio Harmonic, Mixdance Lyon, Lugos, Montpellier, Bordeaux, Waystraing (Belgique), Centre georges Brassens (Domont), B2TF (Belgique), Neodance Academy, Les petites choses productions (Taiwan)<\/p>\t\t\t\t\t\t\t\t<\/div>\n\t\t\t\t<div class=\"elementor-element elementor-element-b6d0232 elementor-widget elementor-widget-text-editor\" data-id=\"b6d0232\" data-element_type=\"widget\" data-widget_type=\"text-editor.default\">\n\t\t\t\t\t\t\t\t\t<p>Depuis 2014, elle transmets le mouvement contemporain nourrit de gestes urbains et d&rsquo;une \u00e9criture POP en \u00cele-de-France, notamment \u00e0 Villeparisis, au sein de la Cie Arcane \u00e0 Meudon et avec le Needs Dance Crew \u00e0 Pantin.\u00a0<\/p>\t\t\t\t\t\t\t\t<\/div>\n\t\t\t\t<div class=\"elementor-element elementor-element-f63929e elementor-widget elementor-widget-text-editor\" data-id=\"f63929e\" data-element_type=\"widget\" data-widget_type=\"text-editor.default\">\n\t\t\t\t\t\t\t\t\t<p class=\"p1\">En 2019, elle fonde DANCEHER compagnie laboratoire d\u00e9di\u00e9e aux femmes et aux jeunes femmes. Depuis 2022, elle intervient avec sa Cie aupr\u00e8s d&rsquo;enfants et de diverses personnes dans des structures priv\u00e9es et publiques notamment avec troubles cognitifs.<\/p><p class=\"p1\">Projets EAC : CCN de Creteil, R\u00e9sidence territoriale avec le th\u00e9\u00e2tre de l\u2019Onde (option danse coll\u00e8ge Viroflay), EAC classe de CP -Stains (93) , Conservatoire de Versailles QPV Villeparisis, Ecole Ormeteau (93), Th\u00e9\u00e2tre du blanc-Mesnil (Scolaire &amp; section futsal), Ly\u00e7\u00e9e Leon BLUM &#8211; Cr\u00e9teil (option danse), l\u2019EPMSD Les moulins G\u00e9meaux Saint-d\u00e9nis (classe ULIS), Lyc\u00e9e Honor\u00e9 de Balzac (option danse).<\/p>\t\t\t\t\t\t\t\t<\/div>\n\t\t\t\t\t<\/div>\n\t\t\t\t<\/div>\n\t\t<div class=\"elementor-element elementor-element-21c62f8 e-flex e-con-boxed e-con e-parent\" data-id=\"21c62f8\" data-element_type=\"container\" data-settings=\"{&quot;background_background&quot;:&quot;classic&quot;}\">\n\t\t\t\t\t<div class=\"e-con-inner\">\n\t\t\t\t<div class=\"elementor-element elementor-element-19b213f elementor-widget elementor-widget-heading\" data-id=\"19b213f\" data-element_type=\"widget\" data-widget_type=\"heading.default\">\n\t\t\t\t\t<h2 class=\"elementor-heading-title elementor-size-default\">Informations et inscriptions<\/h2>\t\t\t\t<\/div>\n\t\t\t\t<div class=\"elementor-element elementor-element-4afadca elementor-align-center elementor-widget elementor-widget-button\" data-id=\"4afadca\" data-element_type=\"widget\" data-widget_type=\"button.default\">\n\t\t\t\t\t\t\t\t\t\t<a class=\"elementor-button elementor-button-link elementor-size-sm\" href=\"#\">\n\t\t\t\t\t\t<span class=\"elementor-button-content-wrapper\">\n\t\t\t\t\t\t\t\t\t<span class=\"elementor-button-text\">Contactez nous<\/span>\n\t\t\t\t\t<\/span>\n\t\t\t\t\t<\/a>\n\t\t\t\t\t\t\t\t<\/div>\n\t\t\t\t\t<\/div>\n\t\t\t\t<\/div>\n\t\t<div class=\"elementor-element elementor-element-58142394 e-flex e-con-boxed e-con e-parent\" data-id=\"58142394\" data-element_type=\"container\" data-settings=\"{&quot;background_background&quot;:&quot;classic&quot;}\">\n\t\t\t\t\t<div class=\"e-con-inner\">\n\t\t<div class=\"elementor-element elementor-element-548a0485 e-con-full e-flex e-con e-child\" data-id=\"548a0485\" data-element_type=\"container\">\n\t\t\t\t<div class=\"elementor-element elementor-element-503134ef elementor-widget elementor-widget-image\" data-id=\"503134ef\" data-element_type=\"widget\" data-widget_type=\"image.default\">\n\t\t\t\t\t\t\t\t\t\t\t\t\t\t\t<img decoding=\"async\" width=\"595\" height=\"366\" src=\"http:\/\/amelkhaies.fr\/wp-content\/uploads\/2025\/08\/Amel-logo-e1754397832869.png\" class=\"attachment-large size-large wp-image-173\" alt=\"\" srcset=\"http:\/\/amelkhaies.fr\/wp-content\/uploads\/2025\/08\/Amel-logo-e1754397832869.png 595w, http:\/\/amelkhaies.fr\/wp-content\/uploads\/2025\/08\/Amel-logo-e1754397832869-300x185.png 300w\" sizes=\"(max-width: 595px) 100vw, 595px\" \/>\t\t\t\t\t\t\t\t\t\t\t\t\t\t\t<\/div>\n\t\t\t\t<\/div>\n\t\t<div class=\"elementor-element elementor-element-616139c9 e-con-full e-flex e-con e-child\" data-id=\"616139c9\" data-element_type=\"container\">\n\t\t\t\t<div class=\"elementor-element elementor-element-67acc5ea elementor-widget elementor-widget-text-editor\" data-id=\"67acc5ea\" data-element_type=\"widget\" data-widget_type=\"text-editor.default\">\n\t\t\t\t\t\t\t\t\t<div id=\"bgLayers_comp-iupkmdap\" class=\"MW5IWV\" data-hook=\"bgLayers\" data-motion-part=\"BG_LAYER comp-iupkmdap\"><div id=\"bgMedia_comp-iupkmdap\" class=\"VgO9Yg\" data-motion-part=\"BG_MEDIA comp-iupkmdap\"><strong>Contact<\/strong><\/div><div data-motion-part=\"BG_MEDIA comp-iupkmdap\">amelkhaies@gmail.com<\/div><\/div>\t\t\t\t\t\t\t\t<\/div>\n\t\t\t\t<\/div>\n\t\t<div class=\"elementor-element elementor-element-56831457 e-con-full e-flex e-con e-child\" data-id=\"56831457\" data-element_type=\"container\">\n\t\t\t\t<div class=\"elementor-element elementor-element-3125f185 elementor-widget elementor-widget-text-editor\" data-id=\"3125f185\" data-element_type=\"widget\" data-widget_type=\"text-editor.default\">\n\t\t\t\t\t\t\t\t\t<div id=\"bgLayers_comp-iupkmdap\" class=\"MW5IWV\" data-hook=\"bgLayers\" data-motion-part=\"BG_LAYER comp-iupkmdap\"><div id=\"bgMedia_comp-iupkmdap\" class=\"VgO9Yg\" data-motion-part=\"BG_MEDIA comp-iupkmdap\"><strong>R\u00e9seaux Sociaux<\/strong><\/div><div data-motion-part=\"BG_MEDIA comp-iupkmdap\">@amelkhaies<\/div><\/div>\t\t\t\t\t\t\t\t<\/div>\n\t\t\t\t<\/div>\n\t\t<div class=\"elementor-element elementor-element-fea3d36 e-con-full e-flex e-con e-child\" data-id=\"fea3d36\" data-element_type=\"container\">\n\t\t\t\t<div class=\"elementor-element elementor-element-55881bb8 elementor-widget elementor-widget-text-editor\" data-id=\"55881bb8\" data-element_type=\"widget\" data-widget_type=\"text-editor.default\">\n\t\t\t\t\t\t\t\t\t<div id=\"bgLayers_comp-iupkmdap\" class=\"MW5IWV\" data-hook=\"bgLayers\" data-motion-part=\"BG_LAYER comp-iupkmdap\"><div id=\"bgMedia_comp-iupkmdap\" class=\"VgO9Yg\" data-motion-part=\"BG_MEDIA comp-iupkmdap\">Politique de cookies<\/div><div data-motion-part=\"BG_MEDIA comp-iupkmdap\">Mentions l\u00e9gales<\/div><div data-motion-part=\"BG_MEDIA comp-iupkmdap\">Politique de confidentialit\u00e9<\/div><\/div>\t\t\t\t\t\t\t\t<\/div>\n\t\t\t\t<div class=\"elementor-element elementor-element-bd56ffc elementor-widget elementor-widget-text-editor\" data-id=\"bd56ffc\" data-element_type=\"widget\" data-widget_type=\"text-editor.default\">\n\t\t\t\t\t\t\t\t\t<p>R\u00e9alis\u00e9 par Am\u00e9lya Tounsi pour Amel Khaies<\/p>\t\t\t\t\t\t\t\t<\/div>\n\t\t\t\t<\/div>\n\t\t\t\t\t<\/div>\n\t\t\t\t<\/div>\n\t\t\t\t<\/div>\n\t\t","protected":false},"excerpt":{"rendered":"<p>Cours open et stage Pour ouvrir sa pratique au plus grand nombre et notamment aux professionnels, elle propose \u00e9galement,\u00a0 des cours en France et \u00e0 l&rsquo;international, invitant chacun \u00e0 entrer dans son univers et \u00e0 partager, le temps d\u2019une parenth\u00e8se, l\u2019\u00e9nergie vivante de la danse. Lieux :\u00a0Studio bleu, Micadanses, Studio Harmonic, Mixdance Lyon, Lugos, Montpellier,&nbsp;&hellip;<\/p>\n","protected":false},"author":1,"featured_media":0,"parent":0,"menu_order":0,"comment_status":"closed","ping_status":"closed","template":"elementor_header_footer","meta":{"footnotes":""},"class_list":["post-596","page","type-page","status-publish","hentry"],"_links":{"self":[{"href":"https:\/\/amelkhaies.fr\/index.php?rest_route=\/wp\/v2\/pages\/596","targetHints":{"allow":["GET"]}}],"collection":[{"href":"https:\/\/amelkhaies.fr\/index.php?rest_route=\/wp\/v2\/pages"}],"about":[{"href":"https:\/\/amelkhaies.fr\/index.php?rest_route=\/wp\/v2\/types\/page"}],"author":[{"embeddable":true,"href":"https:\/\/amelkhaies.fr\/index.php?rest_route=\/wp\/v2\/users\/1"}],"replies":[{"embeddable":true,"href":"https:\/\/amelkhaies.fr\/index.php?rest_route=%2Fwp%2Fv2%2Fcomments&post=596"}],"version-history":[{"count":61,"href":"https:\/\/amelkhaies.fr\/index.php?rest_route=\/wp\/v2\/pages\/596\/revisions"}],"predecessor-version":[{"id":957,"href":"https:\/\/amelkhaies.fr\/index.php?rest_route=\/wp\/v2\/pages\/596\/revisions\/957"}],"wp:attachment":[{"href":"https:\/\/amelkhaies.fr\/index.php?rest_route=%2Fwp%2Fv2%2Fmedia&parent=596"}],"curies":[{"name":"wp","href":"https:\/\/api.w.org\/{rel}","templated":true}]}}